r?
False
Is 915573193 prime?
True
Is 29818640627 composite?
False
Is 3393820369 prime?
True
Is 467047099 a prime number?
False
Is 7177668293 a prime number?
False
Is 5757568507 a prime number?
True
Is 11798071151 prime?
True
Is 365908079 a composite number?
True
Is 2506194637 prime?
True
Is 852464219 a prime number?
False
Is 3045757709 a composite number?
False
Is 14779237 a prime number?
False
Is 1748147735 prime?
False
Is 4108646617 a composite number?
True
Is 15035659283 a composite number?
True
Is 47202354967 prime?
True
Is 1899717707 composite?
False
Is 4368895217 composite?
False
Is 12931246579 a prime number?
False
Is 13065647583 a prime number?
False
Is 191883266143 prime?
True
Is 398955229 a composite number?
True
Is 35758727283 prime?
False
Is 1913629733 prime?
False
Is 33725743537 a composite number?
False
Is 3634059089 a prime number?
True
Is 29750838505 prime?
False
Is 4001486309 prime?
True
Is 501343879 a prime number?
True
Is 754847623 prime?
True
Is 1288021187 a prime number?
True
Is 2362001089 composite?
True
Is 69282416921 a prime number?
True
Is 960182087 composite?
True
Is 32617075297 a composite number?
True
Is 86479843 composite?
False
Is 1273805867 composite?
False
Is 106901724779 prime?
False
Is 166074449 a prime number?
False
Is 72153078509 composite?
False
Is 134840803 prime?
True
Is 24215540977 a prime number?
False
Is 5006430511 composite?
False
Is 551160679 a composite number?
False
Is 2012411029 a prime number?
True
Is 4485080761 prime?
False
Is 4577474149 prime?
False
Is 366733711 a prime number?
True
Is 1478451797 composite?
True
Is 671911129 prime?
True
Is 4438816469 a prime number?
True
Is 57672697 a prime number?
False
Is 36285124483 a prime number?
False
Is 877141709 a prime number?
True
Is 2330912159 a composite number?
False
Is 265458768163 a composite number?
False
Is 1531727031 a composite number?
True
Is 3207757199 prime?
True
Is 84110797 prime?
False
Is 40641321673 composite?
False
Is 183055801 composite?
True
Is 4530996209 prime?
False
Is 8269277201 a composite number?
False
Is 1395533567 a composite number?
True
Is 12210073471 composite?
True
Is 3984515677 composite?
True
Is 1699267137 a composite number?
True
Is 1154359873 a prime number?
False
Is 12888446969 a composite number?
True
Is 10838431777 a prime number?
True
Is 295296132617 a composite number?
False
Is 1314704687 a prime number?
False
Is 3710522129 composite?
False
Is 22215526 a prime number?
False
Is 181773951751 a composite number?
True
Is 3397303027 composite?
False
Is 2847317593 prime?
True
Is 117181428703 a prime number?
True
Is 976240879 a prime number?
True
Is 606286199 a composite number?
True
Is 64104627 a composite number?
True
Is 204173357 a prime number?
False
Is 17527221721 composite?
False
Is 2624913103 prime?
True
Is 402759991 a composite number?
False
Is 103316077309 prime?
True
Is 208098749 composite?
False
Is 12957106343 prime?
True
Is 1143355637 composite?
False
Is 20185190929 composite?
True
Is 329474609 composite?
True
Is 726539197 composite?
False
Is 654863761 composite?
True
Is 173211394 prime?
False
Is 139888870301 prime?
True
Is 2874127589 prime?
False
Is 7077203849 prime?
True
Is 2608154309 a prime number?
False
Is 32169121991 a prime number?
False
Is 15246601093 a prime number?
False
Is 8467418261 a prime number?
False
Is 213150631 composite?
False
Is 14743889599 composite?
False
Is 611767517 composite?
False
Is 141211807 composite?
True
Is 32124340601 a composite number?
False
Is 160162053283 a composite number?
False
Is 50163594445 a composite number?
True
Is 1788072953 a prime number?
True
Is 3522009587 a prime number?
True
Is 37464400403 a prime number?
False
Is 756009461 a composite number?
True
Is 3430898167 a prime number?
False
Is 497996965 prime?
False
Is 23808336439 composite?
True
Is 1018451994869 composite?
False
Is 33481923731 a composite number?
False
Is 223759378367 composite?
True
Is 9391420817 a composite number?
True
Is 986043491 composite?
False
Is 21026471413 a prime number?
True
Is 3378865193 prime?
False
Is 503287859 a composite number?
False
Is 18600143449 a prime number?
True
Is 2976665801 prime?
False
Is 1057693111 composite?
True
Is 8691861917 prime?
True
Is 27255891821 prime?
True
Is 470358485 prime?
False
Is 863049367 a prime number?
False
Is 4829475349 composite?
False
Is 2300770259 composite?
True
Is 138793868319 composite?
True
Is 117699337 prime?
False
Is 805111429 prime?
True
Is 33319431763 a prime number?
True
Is 437193479 a prime number?
False
Is 57564187 prime?
True
Is 105528353501 composite?
False
Is 684811399 a composite number?
False
Is 1606415669 composite?
False
Is 32205294997 composite?
False
Is 61768731809 composite?
True
Is 137801606 composite?
True
Is 1891724335 a prime number?
False
Is 2047355347 prime?
False
Is 333898867 prime?
True
Is 4735397473 a composite number?
False
Is 7882322871 prime?
False
Is 105251265591 a prime number?
False
Is 1269094283 composite?
True
Is 14328816563 a composite number?
False
Is 39807179 a composite number?
True
Is 15952861063 a composite number?
False
Is 8099162411 prime?
True
Is 53940973 composite?
False
Is 4407371853 prime?
False
Is 9319938963 a composite number?
True
Is 12038894053 prime?
False
Is 23638568929 prime?
True
Is 62036101 prime?
True
Is 214206874819 composite?
True
Is 109455959 prime?
True
Is 269556979 composite?
False
Is 905575667 a composite number?
False
Is 23533565437 composite?
False
Is 207518453 a composite number?
True
Is 548559287 a prime number?
False
Is 92373737 a prime number?
True
Is 13706496627 a prime number?
False
Is 8444421007 composite?
True
Is 110567351 a prime number?
True
Is 2663491351 composite?
False
Is 11710025291 composite?
True
Is 32055175261 a composite number?
True
Is 199362151 a composite number?
True
Is 8955019453 prime?
False
Is 5828595307 a prime number?
False
Is 7486227713 a prime number?
False
Is 4856502283 a prime number?
False
Is 554886842 a prime number?
False
Is 1503510763 prime?
True
Is 525670927 a prime number?
True
Is 17537182589 prime?
True
Is 19772581139 a composite number?
False
Is 5465798369 a prime number?
True
Is 1824616231 prime?
False
Is 9282635393 a composite number?
False
Is 53836573289 a composite number?
False
Is 5937480239 a composite number?
True
Is 51254458739 prime?
False
Is 3798506083 a prime number?
False
Is 22417992511 prime?
False
Is 917227931 a composite number?
True
Is 412092041 a composite number?
False
Is 10882998647 a composite number?
True
Is 841152649 composite?
False
Is 1166447221 a prime number?
False
Is 344514007 a prime number?
True
Is 3429731741 a composite number?
False
Is 6766248133 prime?
False
Is 618128447 composite?
False
Is 109538036369 prime?
False
Is 3119514029 a prime number?
False
Is 121880609 a prime number?
True
Is 70371308923 a prime number?
True
Is 261438553993 prime?
True
Is 40301705029 prime?
False
Is 95693337329 composite?
False
Is 8576861239 composite?
True
Is 141964721 a prime number?
False
Is 4999463957 a composite number?
True
Is 931515337 prime?
False
Is 8502629 composite?
True
Is 215560351709 prime?
True
Is 9580011179 a prime number?
False
Is 752153747 a composite number?
True
Is 2629711522 composite?
True
Is 10845532487 composite?
False
Is 63490663 a composite number?
False
Is 1834460251 a prime number?
False
Is 3972095221 composite?
True
Is 439320733 composite?
False
Is 3423545743 prime?
True
Is 373165913 a composite number?
False
Is 279109319 a composite number?
True
Is 1233443999 composite?
False
Is 89603161 prime?
True
Is 179158619053 prime?
True
Is 9315011299 a composite number?
True
Is 1795892719 prime?
False
Is 5653040737 prime?
True
Is 31993417111 a prime number?
True
Is 6052148477 a prime number?
False
Is 493021379 a prime number?
True
Is 623330759 prime?
True
Is 21147884981 prime?
False
Is 344311615 a composite number?
True
Is 152054249 a prime number?
True
Is 30958882135 prime?
False
Is 71747677985 composite?
True
Is 23377114393 prime?
True
Is 1454600139 a composite number?
True
Is 1473093723 a composite number?
True
Is 504425371 composite?
True
Is 1396983067 a prime number?
True
Is 198914926439 composite?
False
Is 174682687 prime?
True
Is 34667921711 prime?
True
Is 1912510861 composite?
False
Is 1052035583 prim